4*t - 62. Give v(2).
6
Let w(j) = 40*j + 3. Give w(0).
3
Let r(k) = -6*k**2 - 220*k + 85. What is r(-37)?
11
Let i(k) = 37*k - 1317. Determine i(35).
-22
Let x(i) = -23*i**2 + 22*i - 55. Give x(4).
-335
Let j(s) = s**2 - 69*s + 1062. What is j(23)?
4
Let s(t) = t**2 + 22*t - 757. What is s(19)?
22
Let i(u) = -13*u + 425. Calculate i(33).
-4
Let j(l) = 4*l**2 - 9*l - 19. What is j(-4)?
81
Let v(y) = 45*y + 7. Calculate v(10).
457
Let d(m) = 8*m**2 + 116*m + 5. Calculate d(-15).
65
Let z(s) = -s**2 + 26*s - 18. What is z(11)?
147
Let p(w) = -315*w + 24. What is p(0)?
24
Let x(j) = 1994*j + 16022. Determine x(-8).
70
Let u(p) = 34*p - 799. What is u(24)?
17
Let x(y) = 91*y + 339. Calculate x(-4).
-25
Let w(k) = k**2 + 2*k + 4. What is w(-5)?
19
Let a(c) = -36*c + 290. What is a(9)?
-34
Let k(c) = -c**3 - 22*c**2 - 43*c - 62. Give k(-20).
-2
Let j(h) = h**3 + 9*h**2 - 15*h - 92. Calculate j(-9).
43
Let r(o) = -8*o**2 - 104*o - 1. What is r(-13)?
-1
Let z(p) = -p**3 + 9*p**2 + 20*p - 100. Give z(10).
0
Let r(q) = q**3 - 3*q**2 + 200*q - 1545. What is r(7)?
51
Let j(a) = -52*a**3 + 5*a - 4. What is j(2)?
-410
Let j(p) = 29*p + 297. Give j(-5).
152
Let x(u) = -u**3 - 45*u**2 - 444*u + 98. Determine x(-30).
-82
Let i(g) = -2*g**3 + 9*g**2 + 106*g - 507. Determine i(5).
-2
Let u(t) = -2*t**3 + 22*t**2 + 17*t + 24. Determine u(12).
-60
Let k(v) = 425*v - 14101. Determine k(33).
-76
Let x(q) = -2*q**3 + 131*q**2 - 435*q + 131. Give x(62).
69
Let f(j) = -38*j**2 + 78*j - 7. Give f(3).
-115
Let r(i) = -i**3 - 13*i**2 - 32*i - 100. Determine r(-11).
10
Let m(x) = 2*x**2 + 402*x - 6010. Give m(14).
10
Let j(z) = -170*z + 318. Calculate j(2).
-22
Let y(k) = -4*k**3 + 97*k**2 - 198*k + 13. Determine y(22).
13
Let b(m) = -m**3 - 26*m**2 + 594*m + 40. What is b(15)?
-275
Let p(t) = t**2 - 31*t + 242. Determine p(19).
14
Let x(g) = 75*g - 5099. Calculate x(68).
1
Let o(r) = -42*r**2 - 1094*r - 72. What is o(-26)?
-20
Let q(m) = -745*m + 6701. Give q(9).
-4
Let r(m) = 2*m**3 + 66*m**2 - 2*m - 76. What is r(-33)?
-10
Let i(s) = -s**3 - 14*s**2 - 45*s + 34. Calculate i(-7).
6
Let l(p) = 228*p + 2183. Calculate l(-9).
131
Let g(p) = -p**3 + 14*p**2 - 9*p + 282. What is g(15)?
-78
Let f(s) = s**2 - 19*s + 46. What is f(21)?
88
Let m(l) = l**2 - 18*l - 4545. What is m(77)?
-2
Let y(h) = -h**2 + 35*h + 135. Determine y(30).
285
Let u(f) = -f**3 + 140*f**2 + 447*f - 2578. What is u(143)?
-4
Let x(p) = -2*p**2 - 55*p + 114. Give x(-34).
-328
Let q(c) = -7*c**2 + 100*c + 79. Determine q(15).
4
Let p(o) = -2*o**2 + 183*o - 4169. Give p(47).
14
Let n(z) = -2*z**2 - 34*z - 19. Give n(-17).
-19
Let n(a) = -a**2 - 25*a + 215. What is n(7)?
-9
Let c(j) = -62*j**3 - 1986*j**2 - 67*j + 13. Determine c(-32).
109
Let r(o) = o**3 - 10*o**2 - 3*o + 47. Calculate r(10).
17
Let w(l) = 6*l + 459. What is w(-25)?
309
Let o(i) = -i**3 + 53*i**2 - 133*i - 48. Determine o(3).
3
Let b(o) = 2*o**2 - 41*o - 353. Determine b(27).
-2
Let a(i) = -4*i**2 + 250*i + 2889. Determine a(-10).
-11
Let d(j) = -10*j + 383. What is d(7)?
313
Let w(s) = -s**2 - 80*s + 671. Determine w(-77).
902
Let f(q) = -133*q - 19819. Give f(-149).
-2
Let r(b) = 32*b**2 - 267*b + 26. Give r(8).
-62
Let n(y) = -14*y - 1242. What is n(-89)?
4
Let q(z) = z**3 + 3*z**2 - 30*z - 10. Give q(-6).
62
Let f(g) = 2*g**3 + 16*g**2 + 16*g - 195. What is f(-5)?
-125
Let b(j) = 18*j + 836. Give b(-46).
8
Let q(a) = 2*a**2 - 16*a - 95. Give q(-5).
35
Let v(f) = 9*f + 105. Calculate v(0).
105
Let o(k) = -k**3 + 15*k**2 - 52*k + 88. What is o(11)?
0
Let i(j) = j**3 + 116*j**2 + 108*j - 809. Determine i(-115).
-4
Let g(n) = -n**3 + 320*n**2 + 965*n - 23. What is g(-3)?
-11
Let d(m) = -4*m + 153. Give d(35).
13
Let l(f) = f**3 - 3*f**2 - 9*f - 6. Determine l(-6).
-276
Let j(d) = 82*d - 125. Calculate j(-7).
-699
Let r(p) = p**3 + 218*p**2 + 1717*p + 7764. Determine r(-210).
-6
Let r(b) = -29*b**2 + 88*b + 292. Calculate r(5).
7
Let x(a) = -5*a**3 + 12*a**2 + 4*a + 5. What is x(4)?
-107
Let t(d) = -2*d**2 - 40*d + 120. Give t(-23).
-18
Let l(x) = -x**3 + 7*x**2 + 17*x - 130. Give l(7).
-11
Let d(n) = -2*n**2 + 25*n - 144. Calculate d(7).
-67
Let l(b) = 36*b + 108. Give l(-3).
0
Let w(q) = -47*q - 91. Calculate w(-8).
285
Let b(i) = -i**3 + 35*i**2 - 16*i + 585. Calculate b(35).
25
Let p(l) = -72*l - 5106. Determine p(-71).
6
Let k(v) = 16*v - 865. Calculate k(55).
15
Let x(l) = -l**3 + 11*l**2 - 3*l + 25. What is x(11)?
-8
Let f(v) = v**3 + 30*v**2 + v - 79. Determine f(-30).
-109
Let w(f) = -f**2 + 8*f + 34. Determine w(13).
-31
Let v(i) = 7*i**2 - 78*i + 296. What is v(10)?
216
Let f(c) = -5*c**3 - 8*c**2 + 7*c + 4. Determine f(2).
-54
Let u(z) = z**2 - 16*z - 68. Give u(14).
-96
Let o(d) = -25*d - 3122. What is o(-125)?
3
Let q(n) = 5*n**3 + 4*n**2 - n + 2. Give q(-2).
-20
Let n(g) = 63*g + 485. Calculate n(-8).
-19
Let t(p) = 23*p + 34. Calculate t(-8).
-150
Let t(q) = -q**3 + 39*q**2 - 19*q + 748. Calculate t(39).
7
Let n(z) = -4*z**2 + 13*z + 48. Determine n(5).
13
Let h(u) = -u**3 - 6*u**2 + 4*u - 94. What is h(0)?
-94
Let s(o) = o**3 - 60*o**2 + 913*o - 417. Calculate s(29).
-11
Let y(h) = -2*h**3 - 3*h**2 - 10*h + 2. What is y(0)?
2
Let p(f) = 4*f**2 + 43*f + 198. Calculate p(-9).
135
Let l(x) = -x**3 - 24*x**2 - 50*x - 171. Determine l(-22).
-39
Let n(y) = -449*y - 9875. Give n(-22).
3
Let v(g) = -1610*g + 51531. Give v(32).
11
Let d(x) = -1868*x + 5600. Give d(3).
-4
Let j(k) = k**2 + 102*k + 2414. Determine j(-70).
174
Let o(j) = -2*j**2 + 92*j + 352. Calculate o(-4).
-48
Let r(f) = 5*f - 5. Determine r(-36).
-185
Let n(s) = -109*s - 892. Give n(-7).
-129
Let k(f) = 2051*f - 2048. Calculate k(1).
3
Let w(c) = c**3 - 9*c**2 - 43*c + 77. What is w(12)?
-7
Let o(q) = -342*q + 3114. Calculate o(9).
36
Let v(l) = l**3 - 10*l**2 - 26*l - 727. Calculate v(15).
8
Let y(r) = 1419*r - 79472. What is y(56)?
-8
Let s(l) = -l**3 + 2*l**2 + 21*l - 4. Give s(6).
-22
Let y(z) = 3669*z + 40331. Give y(-11).
-28
Let n(t) = -t**3 - 5*t**2 - 138*t - 1293. What is n(-8)?
3
Let c(y) = -53*y - 30. Calculate c(-1).
23
Let x(g) = -6*g**2 + 52*g + 75. Calculate x(-4).
-229
Let m(w) = w**3 + 3*w**2 + 1275*w + 5120. What is m(-4)?
4
Let i(j) = -778*j + 45104. Calculate i(58).
-20
Let t(i) = 318*i - 989. Give t(3).
-35
Let f(y) = y**3 - 110*y**2 + 1343*y + 17. Give f(14).
3
Let z(s) = s**3 - 6*s**2 + 11*s - 5. Determine z(3).
1
Let b(z) = -30*z**2 + 443*z + 107. Give b(15).
2
Let f(y) = -723*y**2 - 7236*y - 51. What is f(-10)?
9
Let i(d) = -d**2 + 58. Calculate i(-10).
-42
Let m(d) = -d**3 + 18*d**2 + 36*d - 585. What is m(18)?
63
Let y(o) = 6*o**2 - 17*o + 54. Determine y(4).
82
Let y(a) = 2*a**3 + 19*a**2 - 28*a - 34. Give y(-10).
146
Let g(z) = -648*z + 4539. Determine g(7).
3
Let k(t) = 778*t + 687. Determine k(-1).
-91
Let g(p) = 11*p**2 - 63*p + 47. Give g(5).
7
Let v(q) = -4*q**2 - 66*q - 270. Calculate v(-4).
-70
Let d(k) = -289*k - 66. Calculate d(-1).
223
Let r(i) = 29*i + 95. Calculate r(-10).
-195
Let l(t) = 22*t + 804. What is l(-38)?
-32
Let x(d) = 13*d**2 + 84*d + 44. Determine x(-6).
8
Let p(t) = 23*t + 94. Determine p(-6).
-44
Let i(s) = -8*s**2 - 9*s + 17. Give i(2).
-33
Let s(p) = 8*p**2 - 18*p - 19. Determine s(7).
247
Let h(n) = 42*n - 1405. Determine h(33).
-19
Let o(x) = -x**2 + 5*x - 3. Determine o(4).
1
Let u(b) = b**2 - 32*b + 92. Determine u(30).
32
Let p(b) = -7*b**2 - 12*b - 11. Give p(-4).
-75
Let p(i) = -2*i**2 - 47*i - 228. Calculate p(-18).
-30
Let s(p) = p**2 - p - 11. What is s(0)?
-11
Let z(d) = 566*d - 377. Calculate z(1).
189
Let i(x) = -x**3 - 14*x**2 + 142*x + 1766. Determine i(-16).
6
Let d(i) = -25*i + 233. What is d(11)?
-42
Let q(m) = -4*m**3 - 70*m**2 + 247*m + 1. Give q(3).
4
Let h(m) = -m**3 - m**2 - 2*m + 37. What is h(0)?
37
Let g(v) = 432*v**2 - 24*v - 23. Give g(-1).
433
Let b(t) = 135*t - 12980. Give b(96).
-20
Let x(c) = -c**3 + 5*c**2 + 27*c - 146. Give x(6).
-20
Let z(a) = 4*a**3 - 105*a**2 + 47*a - 13. Calculate z(26).
533
Let h(q) = -q**2 - 306*q - 2381. Determine h(-8).
3
Let i(c) = c**3 - 15*c**2 + 55*c - 14. Calculate i(10).
36
Let x(v) = v**3 + 90*v**2 + 265*v + 68. Give x(-87).
-280
Let f(x) = 3*x**3 - 114*x**2 - 111*x - 144. Determine f(39).
90
Let n(b) = -b**2 - 49*b - 148. Give n(0).
-148
